2?
2
Calculate the greatest common factor of 574 and 77.
7
What is the highest common factor of 56 and 2226?
14
Calculate the greatest common divisor of 176 and 24.
8
What is the highest common factor of 1200 and 1050?
150
What is the greatest common divisor of 297 and 27?
27
What is the highest common factor of 121 and 4235?
121
Calculate the greatest common factor of 187 and 11.
11
Calculate the highest common divisor of 639 and 63.
9
What is the greatest common factor of 550 and 58025?
275
Calculate the highest common factor of 228 and 72.
12
Calculate the greatest common divisor of 285 and 15.
15
Calculate the greatest common factor of 234 and 18.
18
Calculate the highest common factor of 600 and 270.
30
Calculate the highest common factor of 1358 and 224.
14
Calculate the highest common factor of 85 and 5.
5
What is the highest common divisor of 1159 and 183?
61
Calculate the highest common factor of 105 and 30.
15
Calculate the greatest common divisor of 1352 and 1612.
52
What is the greatest common divisor of 59 and 1888?
59
What is the greatest common divisor of 11 and 2288?
11
What is the greatest common divisor of 92 and 4462?
46
Calculate the greatest common factor of 66 and 11.
11
Calculate the greatest common divisor of 18 and 318.
6
Calculate the greatest common divisor of 689 and 848.
53
What is the highest common factor of 126 and 72?
18
What is the highest common divisor of 2825 and 50?
25
Calculate the greatest common divisor of 4 and 614.
2
What is the highest common divisor of 35 and 77840?
35
Calculate the greatest common factor of 632 and 8.
8
What is the greatest common divisor of 40 and 50?
10
Calculate the highest common divisor of 768 and 304.
16
Calculate the highest common divisor of 12 and 16560.
12
What is the greatest common divisor of 1247 and 493?
29
What is the greatest common divisor of 7 and 133?
7
Calculate the greatest common divisor of 160 and 100.
20
What is the highest common divisor of 40 and 10840?
40
What is the greatest common factor of 385 and 2?
1
Calculate the greatest common divisor of 285 and 399.
57
Calculate the highest common factor of 221 and 51.
17
Calculate the greatest common factor of 32 and 14576.
16
What is the highest common factor of 176 and 22?
22
What is the highest common divisor of 322 and 1176?
14
What is the greatest common divisor of 17279 and 37?
37
What is the greatest common factor of 414 and 72?
18
Calculate the greatest common factor of 1484 and 1106.
14
What is the greatest common factor of 740 and 140?
20
Calculate the highest common factor of 874 and 190.
38
Calculate the greatest common divisor of 152 and 627.
19
Calculate the highest common divisor of 2564 and 2.
2
Calculate the highest common factor of 475 and 19.
19
What is the highest common divisor of 66 and 330?
66
Calculate the highest common divisor of 67 and 2479.
67
Calculate the highest common factor of 2 and 670.
2
What is the greatest common factor of 18 and 81?
9
Calculate the highest common factor of 41 and 1517.
41
Calculate the highest common divisor of 864 and 54.
54
Calculate the greatest common factor of 336 and 624.
48
What is the highest common divisor of 287 and 41?
41
What is the highest common factor of 490 and 30?
10
Calculate the greatest common factor of 854 and 224.
14
What is the highest common divisor of 656 and 80?
16
What is the greatest common factor of 44 and 17116?
44
Calculate the highest common divisor of 44 and 45342.
22
Calculate the greatest common factor of 33 and 4213.
11
What is the greatest common divisor of 7959 and 21?
21
Calculate the highest common factor of 384 and 2176.
128
What is the greatest common divisor of 482 and 4?
2
What is the highest common divisor of 42 and 56?
14
Calculate the highest common factor of 7 and 3.
1
Calculate the highest common factor of 52 and 117.
13
What is the greatest common divisor of 71 and 1349?
71
Calculate the greatest common factor of 4304 and 16.
16
Calculate the greatest common factor of 24270 and 30.
30
What is the greatest common factor of 28 and 5614?
14
What is the greatest common factor of 940 and 460?
20
Calculate the highest common divisor of 4 and 34.
2
Calculate the greatest common factor of 26 and 3484.
26
Calculate the greatest common divisor of 605 and 363.
121
What is the greatest common factor of 144 and 3096?
72
Calculate the highest common factor of 67044 and 222.
222
What is the highest common divisor of 2 and 197?
1
Calculate the highest common divisor of 389 and 27.
1
What is the greatest common factor of 25 and 25?
25
What is the greatest common divisor of 18827 and 268?
67
What is the highest common divisor of 34 and 1275?
17
What is the greatest common factor of 16 and 27?
1
What is the greatest common divisor of 90 and 390?
30
What is the greatest common divisor of 979 and 267?
89
What is the greatest common factor of 3021 and 57?
57
Calculate the highest common divisor of 3454 and 22.
22
Calculate the highest common divisor of 24 and 198.
6
Calculate the highest common divisor of 68 and 9.
1
What is the greatest common factor of 30 and 7575?
15
Calculate the highest common factor of 470 and 430.
10
What is the greatest common divisor of 1232 and 1722?
14
What is the highest common divisor of 65 and 5?
5
What is the greatest common divisor of 7 and 7?
7
What is the highest common factor of 14 and 238?
14
What is the highest common factor of 88 and 121?
11
What is the greatest common factor of 384 and 6?
6
Calculate the highest common factor of 6 and 363.
3
What is the highest common factor of 46 and 2?
2
What is the greatest common divisor of 2 and 1238?
2
What is the greatest common divisor of 385 and 1001?
77
What is the highest common divisor of 192 and 112?
16
Calculate the highest common factor of 10 and 755.
5
Calculate the greatest common factor of 765 and 2655.
45
What is the greatest common divisor of 200 and 8?
8
What is the highest common divisor of 216 and 2952?
72
What is the highest common factor of 272 and 17?
17
What is the greatest common factor of 5 and 5?
5
What is the greatest common divisor of 60 and 330?
30
What is the greatest common factor of 754 and 18?
2
Calculate the highest common divisor of 7500 and 15.
15
What is the highest common divisor of 581 and 747?
83
What is the highest common divisor of 588 and 12?
12
What is the highest common factor of 800 and 20?
20
Calculate the greatest common factor of 22 and 22.
22
What is the greatest common factor of 139 and 9?
1
Calculate the highest common factor of 50 and 14.
2
Calculate the highest common factor of 54 and 19818.
54
What is the greatest common factor of 54 and 516?
6
What is the greatest common divisor of 936 and 104?
104
What is the greatest common factor of 187 and 11?
11
What is the greatest common factor of 108 and 68?
4
What is the greatest common factor of 126 and 846?
18
What is the highest common divisor of 1785 and 30?
15
Calculate the greatest common divisor of 38 and 5149.
19
Calculate the greatest common divisor of 8 and 586.
2
What is the highest common factor of 25 and 275?
25
Calculate the greatest common divisor of 1411 and 51.
17
What is the greatest common factor of 2625 and 3375?
375
Calculate the greatest common divisor of 80 and 64.
16
What is the highest common divisor of 104 and 221?
13
What is the greatest common divisor of 20 and 2260?
20
Calculate the greatest common factor of 8 and 12.
4
What is the greatest common factor of 25576 and 23?
23
What is the highest common factor of 18 and 90?
18
What is the highest common factor of 74 and 1591?
37
Calculate the highest common divisor of 175 and 7.
7
Calculate the greatest common divisor of 1220 and 20.
20
Calculate the greatest common divisor of 2934 and 18.
18
Calculate the highest common divisor of 1185 and 553.
79
What is the greatest common factor of 186 and 3999?
93
What is the highest common factor of 1337 and 8977?
191
What is the highest common factor of 916 and 6183?
229
Calculate the highest common divisor of 24 and 9240.
24
Calculate the highest common factor of 2651 and 88.
11
What is the greatest common divisor of 44 and 3366?
22
Calculate the greatest common divisor of 80 and 16.
16
Calculate the highest common divisor of 488 and 1